(z) = p*h(z) + 2*w(z). Calculate j(-5).
1
Let c(o) = -9*o + 0*o - 4*o - 4*o - 10 - 2*o. Give c(-3).
47
Let d be (-24 - -7 - 3) + 15 + -17 + 13. Let s(y) = y**3 + 15*y**2 + 2. Let o(c) = -2*c**3 - 31*c**2 - 3. Let m(k) = 6*o(k) + 13*s(k). What is m(d)?
8
Let a be (-2)/(-10) - (-12)/(-60). Suppose a = 12*j - 65 - 19. Let r(o) = 2*o + 3. Give r(j).
17
Let t(o) = 1003485*o + 1 + 0 - 1003484*o. Let c = 60 - 40. Suppose 0 = b + 3*b + c. Calculate t(b).
-4
Let y = -343 + 347. Let o(b) = -3 - b**3 - y + 13*b**2 - 6*b**2 - b**2 + 2*b. Calculate o(6).
5
Let d(o) be the second derivative of -9 + o**2 + 1/2*o**3 + 4*o + 1/20*o**5 + 1/3*o**4. What is d(-4)?
-10
Let j = -3987 + 3993. Let i(z) = z**3 - 2*z**2 - 25*z + 1. Calculate i(j).
-5
Let t(w) be the second derivative of -w**4/12 + 13*w**3/6 + 9*w**2 + 463*w - 4. Determine t(14).
4
Suppose -119*k - 446 - 256 = -2*k. Let l(w) = 7*w + 34. Calculate l(k).
-8
Let b(u) = u**2 - u - 5. Let h(d) = -2*d**2 + 3*d + 10. Let f(m) = 9*b(m) + 4*h(m). Let t be ((-646)/(-57) + -10)/(-7 - 1090/(-150)). What is f(t)?
35
Let k(z) = -3*z**3 + 6*z**2 + z - 11. Let f(n) = -17*n**3 + 28*n**2 - n - 54. Let q(y) = 2*f(y) - 11*k(y). Give q(-7).
-43
Let s(w) be the first derivative of -w**4/4 - 10*w**3/3 + 23*w**2/2 - 15*w - 49. Let p be s(-12). Let j(h) = -12*h + 6*h - 6 + 2. What is j(p)?
14
Let d(m) = 4*m**3 + 3*m**2 - m + 1. Let l be 126/54 + 4/(-12)*1/1. What is d(l)?
43
Suppose 10*g - 150 = 5*g. Suppose f - g = 6*f. Let n(k) = -5*k**2 + 18*k + 13. Let v(h) = 3*h**2 - 9*h - 7. Let s(i) = 4*n(i) + 7*v(i). Give s(f).
-15
Let l(i) = -41*i - 6. Let v(z) = 28*z + 4. Suppose -73*m + 704 = -65*m. Let g = 81 - m. Let p(n) = g*v(n) - 5*l(n). What is p(-2)?
-16
Let r(x) = -x**2 - 17*x + 42. Let q be r(-19). Let z(o) = -27 + 5 + 2*o**2 - 3*o + q - o**2 + 12. Calculate z(6).
12
Let d(s) be the second derivative of -s**3/3 - 3*s**2 + s. Let p = -49 + 79. Let k be (-5*(-6)/p)/((-1)/7). Give d(k).
8
Suppose 0*t - 6*t = -1758. Suppose 21*s - 20 + t = 0. Let y(k) = k**3 + 12*k**2 - 13*k - 4. Give y(s).
-4
Let c(w) = w**3 - 16*w**2 + 15*w - 2. Let d = 105 + -107. Let y be (-30)/4*4/d. Calculate c(y).
-2
Let c(z) = -2*z**2 - 4*z + 8. Let v be c(-3). Let n(t) = -5 - 27*t**3 - 15*t + t**v + 0 + 16*t**3 + 12*t**3. What is n(-4)?
7
Suppose -3*a + 2*w = -36, -2*a + 8 = -3*w - 21. Let v(z) = -a - 10*z + 5 + 0 + 3. Calculate v(-2).
18
Let j(f) = f**2 - 3*f - 24. Suppose -4*s = -6*s + 24. Suppose 0 = -9*g + 42 + s. Let n be j(g). Let z(p) = -p**3 - 5*p**2 + 4*p + 9. Give z(n).
21
Suppose -2*k = 13*f - 278, -3*f + 7*k + 70 = 6*k. Let r(l) = l**2 - 17*l - 68. Determine r(f).
42
Let b(u) = -2*u**2 - 17. Let f(t) = -5*t**2 - 17*t - 29. Let g(w) = -2*b(w) + f(w). Calculate g(0).
5
Let b(n) = n**3 - 3*n**2 + 6. Let a be b(2). Let h(x) = -445*x**2 + 5*x + 0 + 436*x**a - x**3 + 6. What is h(-9)?
-39
Let s(n) be the second derivative of -n**4/3 - n**3/3 - 2*n**2 + 33*n - 9. Give s(-3).
-34
Let u(d) = -3*d + 2. Let k be u(4). Let n = -8 - k. Let c(a) = a**3 - a - 2 + 93*a**2 - 93*a**n. Determine c(2).
4
Let k = -397 - -410. Let w(f) = 7 - 5*f**2 + 0 - k*f + 3*f + f**3 + 0. Calculate w(7).
35
Let g be (4/6)/(4/6). Let c(r) be the second derivative of 11*r**3/6 - 8*r - 13. Calculate c(g).
11
Let j(q) = 551*q - 1647*q + 545*q + 4*q**2 - 2 - 13 + 553*q. Calculate j(4).
57
Let a(b) be the second derivative of 1/3*b**3 + 6*b + 1/12*b**4 + 7/2*b**2 + 0. Let c(m) be the first derivative of a(m). Determine c(2).
6
Suppose -7*m - 30 = -345. Suppose -m = -13*t + 4*t. Let c(w) = w**2 - 7*w - 4 + w - 1. Give c(t).
-10
Let i(o) = 10*o**3 + 2*o**2 - 2*o + 1. Suppose -95*u + 143 - 48 = 0. Give i(u).
11
Let l be ((-26)/4)/((-2)/4). Let i(w) = 7 - l*w**2 - 2*w - 115*w**3 + w + 116*w**3. Calculate i(13).
-6
Let k(a) = a**2 + 16*a - 92. Let m = 13124 - 13119. What is k(m)?
13
Let h(u) = -11*u**2 + 24*u - 1. Let l(k) = -2*k - 2*k - 13*k + 5*k. Let x(q) = -q**2 - q. Let f(y) = l(y) - 4*x(y). Let g(s) = 8*f(s) + 3*h(s). What is g(7)?
4
Let b(k) = -4*k**3. Suppose -l = 3*y + 16, -3*l + l - 2*y - 40 = 0. Let n = -13 - l. Suppose -5 = -4*m - n. What is b(m)?
4
Let o = 188 + -186. Let n(d) = d**2 + 55 - 162 + 51 + 0*d**o + 53. Determine n(4).
13
Let a(w) = 1830*w**3 + 1828*w**3 + 25*w**2 + w + 1836*w**3 - 5 - 5493*w**3. Determine a(-25).
-30
Let f(v) be the first derivative of 5*v**3/3 - 37*v**2/2 - 28*v + 3135. Give f(8).
-4
Let g(x) = -x**2 + 4. Suppose c = h + 3, -2*c - 10 = 4*h + 2. Let v be ((-26)/22 - 2/(-11))*h. What is g(v)?
-5
Let m(h) = h**3 + 4*h**2 - h + 2. Suppose 46 - 46 = -20*r - 80. What is m(r)?
6
Let i(m) = -4 - 3 - 1 + 62*m**2 + 67*m**2 - 130*m**2 - 12*m. What is i(-10)?
12
Let s(v) = 6*v + 2. Let b(q) = -q**2 + 25*q + 79. Let g be b(28). Let x be (-5 - 30/g)/((-3)/(-9)). Determine s(x).
20
Let s(c) = -4*c**2 + 43*c - 25. Suppose d - 17 = -g, 3*g = 3*d - 237 + 246. Give s(g).
5
Let q(v) be the first derivative of -1/2*v**2 - 2*v - 32. Calculate q(0).
-2
Let i(t) = 19 + 41*t - 20*t - 11 - 14*t + t**3 + t**2. What is i(-2)?
-10
Let y(z) be the third derivative of -z**4/2 + 17*z**3/6 + 18*z**2 + 77*z. Calculate y(4).
-31
Let x(s) = -5*s**2 + 5*s + 3. Let c(n) = -7*n**2 + 7*n + 4. Let d(y) = -2*c(y) + 3*x(y). Let l(u) = 4*u**2 - 6*u - 12. Let o(f) = -3*d(f) - l(f). Give o(6).
-9
Let d be (189/(-63))/((-6)/4 + 0). Let k(r) = -16*r**2 - 11*r + 21. Let h(q) = 3*q**2 + 2*q - 4. Let c = -14 - -25. Let x(o) = c*h(o) + 2*k(o). What is x(d)?
2
Let w be (-1)/(1/9) - -1. Let m(z) = 1593 + 1590 - 4770 + 1589 - 3*z. What is m(w)?
26
Let h(c) = -318 - 287 + 2*c**2 + 597 + 8*c**3 - 5*c. Calculate h(-2).
-54
Let l(n) = -3*n - 23. Suppose -18 = -d - b, 11*b = 6*b. Let w be (-1 - 8/(-6))*(d + -36). Determine l(w).
-5
Let t be 36/(-48)*12/27 + 55/3. Let u(m) = m**3 - 18*m**2 - m + 26. Calculate u(t).
8
Let p(g) be the first derivative of 4*g**3/3 + 2*g**2 - 6*g + 539. What is p(-4)?
42
Let a(g) be the first derivative of 1/2*g**2 - 94 - 1/3*g**3 - 3*g. Give a(3).
-9
Let w(q) = -4*q**3 + 7*q**2 - 8 - 2*q + 5*q**3 + 7*q. Let b = 355 + -350. Suppose -r + 4*v = 6, -b*v - 18 = 2*r - 6. What is w(r)?
-2
Let v(u) be the second derivative of -u**3/2 - 8*u**2 - 107*u. Let o be v(-7). Let c(l) = -6*l - 2. What is c(o)?
-32
Let w = 173 - 173. Suppose w = -5*r + 17 + 13. Let g(q) = q**3 - 7*q**2 + 7*q - 4. What is g(r)?
2
Let i(u) = -2*u + 9. Let b(w) = -6 + w + 1 + 1. Let h(n) = 9*b(n) + 4*i(n). Let y be 1/(-3) + (-3)/(-36)*28. Give h(y).
2
Suppose -2*y + 4 = 2*w, 5*w + 23 = 2*y - 9. Let o(b) be the second derivative of -7/2*b**2 - 7/6*b**3 + 0 - 7*b + 1/12*b**4. Determine o(y).
-13
Let x be (0 - 2)*(38 + -19)/(-114). Let z(j) be the third derivative of 1/30*j**5 - x*j**3 - 4*j - 3*j**2 - 1/8*j**4 + 0. Determine z(3).
7
Let q be -11 - 55 - (-2 - 1). Let t = -68 - q. Let w(a) = a**2 + 6*a. Calculate w(t).
-5
Let a = -12 - -19. Let y(z) be the first derivative of z**4/4 - 8*z**3/3 + 3*z**2 + 10*z + 189. Calculate y(a).
3
Let x = -441 + 443. Let h(c) = x + 21 + 4 - 1 + 2*c - 2. Calculate h(-12).
0
Let i be 4/((2/(-4))/(123/(-6))). Let o = 162 - i. Let z(m) = 3*m. Determine z(o).
-6
Suppose 3*n - 287 = -4*p, -2*p + 4*n = -6*p + 288. Let i = 75 - p. Suppose 3 = -5*s - 4*v, 3*v - 1 = -i*s - 3. Let w(q) = 12*q**3 - q**2 + 1. Give w(s).
12
Let a(i) = -3*i + i**2 - 15 - 2*i**2 - i + 10*i + 3*i. What is a(8)?
-7
Suppose -1015 + 947 = -17*x. Let m(w) be the second derivative of 0 - 1/12*w**x + w**3 + 13*w + 4*w**2. What is m(7)?
1
Let a(j) = -j**3 + 17*j**2 - 19*j + 327. Let u be a(17). Let c(n) = -13*n + 7. What is c(u)?
-45
Let v(q) be the second derivative of -q**2 + 0 - 1/12*q**4 + 1/6*q**3 - 11*q. What is v(2)?
-4
Suppose -230*a + 470*a - 230*a + 50 = 0. Let g(u) = -2 - 3*u**2 + 0*u**2 - 3*u**2 - 6*u + 5*u**2. Give g(a).
3
Suppose -7*r = -12*r + 16*r + 33. Let y(v) = 13*v + 8. What is y(r)?
-31
Let z(x) be the second derivative of -x**3/6 + 3*x**2/2 + 72*x. Let c be (5 - 432/42) + 2/7. What is z(c)?
8
Let x(g) = -3*g + 4*g + 0*g - 8. Suppose -127*i - 3*s = -128*i + 27, -i + 15 = -s. What is x(i)?
1
Let b(n) be the third derivative of -n**8/20160 + n**7/420 - n**6/60 + 29*n**5/60 + n**2 - 70. Let k(j) be the third derivative of b(j). Calculate k(11).
-1
Suppose -2*d - 44 = -48. Suppose 1 = -3*g + d*g. 